 -o + 90 = 5*s. What are the prime factors of o?
2, 5
Let z(i) = 5*i - 1. Let f(h) = 4*h - 1. Let d(a) = -6*f(a) + 5*z(a). List the prime factors of d(4).
5
Let q = 15 + 4. List the prime factors of q.
19
Let n = 1 - -4. Suppose n + 11 = 4*b. Let j = b - -2. List the prime factors of j.
2, 3
Let a = 7 + -4. Let y = a - 8. What are the prime factors of y*-1*12/10?
2, 3
Suppose 0 = 4*y + 20, 6*k + 5*y - 147 = 2*k. What are the prime factors of k?
43
Suppose -18*d + 22*d = 292. What are the prime factors of d?
73
Let x(a) = -a**2 - a - 6. Let d be x(0). Let t(s) = -2*s + 4. List the prime factors of t(d).
2
Suppose -3*l = l - 24. Let i be (6/(-18))/((-1)/l). Let t = 2 + i. List the prime factors of t.
2
Let g(o) = o - 1. Suppose 0 = -3*n - 2*n. Suppose l = 5, -2*i + 4*l - 7 - 5 = n. List the prime factors of g(i).
3
Let l = -129 - -160. List the prime factors of l.
31
Let l(w) = w**2 - 5*w. Let x(k) = k**2 - 3. Let a be x(3). What are the prime factors of l(a)?
2, 3
Let d = 30 + -44. Let w = d + 20. What are the prime factors of w?
2, 3
Suppose -4*j - 496 = -5*i, -2*i - 109 + 712 = -5*j. List the prime factors of (-2057)/j - 4/14.
17
List the prime factors of (-7 - 0)*(-6)/14.
3
Let k = -11 - -16. Suppose -5*c + 2*c - 54 = -4*q, k*c = -q + 2. List the prime factors of q.
2, 3
Let g(y) = 5*y**2 + y - 2. What are the prime factors of g(3)?
2, 23
Let v be (3 + 0 - -7) + 0. Let k be (-1704)/(-30) - (-2)/v. Suppose -5*j = 4*a - k, -51 = a - 3*a + 5*j. What are the prime factors of a?
2, 3
Let w(b) = -b**2 + 3*b - 2. Let x be w(3). Let c = -20 - -55. List the prime factors of x/7 + 80/c.
2
Let v(d) be the third derivative of -3*d**4/4 - d**3/6 - d**2. Let h be v(-2). Suppose 3*w - 13 + 40 = 3*i, h = 4*i - 3*w. List the prime factors of i.
2
Suppose -20 = s - 5*i, 3*s - 3 = 2*i - 11. Suppose 0 = 3*c + 2*z - 9, -5*c = -s*z - 4*z - 15. Suppose c*n - 18 = -0*n. What are the prime factors of n?
2, 3
Suppose 2*f = -2*f. Suppose -2 = -3*u + u. List the prime factors of 10 - ((0 - u) + f).
11
Suppose 4*g + 2*a + 3 = 17, 5*g - a - 21 = 0. Suppose 8*d = g*d + 68. List the prime factors of d.
17
Let q(r) = -r**3 + r + 3. Let n be q(0). Suppose -35 = -5*x - j, -n*j - 20 = -7*j. List the prime factors of x.
2, 3
Suppose 5*d + 3*a = 7*a + 301, -5*a - 191 = -3*d. List the prime factors of d.
3, 19
Let h(x) = -x**2 + x - 9. Let c be h(0). Let m be (-8)/6*(c - 0). Suppose 0 = -4*r - m, 3*s - 4*s + 4 = r. What are the prime factors of s?
7
Suppose -2*f - 105 = 3*f. Suppose q - 2*z = -22, 6*q - q + 3*z + 58 = 0. Let u = q - f. List the prime factors of u.
7
Suppose 2*r - f = 2*f + 5, r - 3*f = 4. Let m be (r/((-1)/(-2)))/2. What are the prime factors of (0 - m) + (-11)/(-1)?
2, 5
Let d(o) = -o**3 - 3*o**2 + 4*o - 4. Let l be d(-4). Let v = 4 + l. Suppose 90 = -v*h + 5*h. List the prime factors of h.
2, 3
Suppose -3 = -2*t - t. Let o = t - -1. Suppose -u + 22 = -2*n, 4*u = 7*u + o*n - 26. List the prime factors of u.
2, 3
Let s(l) = -l - 3. Let z be s(-6). Suppose 0 = 3*m - b - 8, -3*m + 0*m - z*b - 12 = 0. Suppose 5*j - m = 9. List the prime factors of j.
2
What are the prime factors of (-8 - -2)*(1 - 7/2)?
3, 5
Let m(d) = d**3 + 8*d**2 + 7*d + 2. Let b be m(-7). Let n = b - -6. List the prime factors of n.
2
Suppose s - 3 = 3. List the prime factors of (s/(-4))/(42/(-56)).
2
Let g = 0 - -4. Let m(t) = -t + 2*t + 9 - 6. List the prime factors of m(g).
7
Suppose 49*h - 107 = 48*h. What are the prime factors of h?
107
Let l = 13 + -6. Suppose l*j - 4*j = 0. Suppose x - 5*v + 12 = 3*x, j = 3*x + 5*v - 23. What are the prime factors of x?
11
Let k be 219/9 - 1/3. Let g be k + 0*2/(-6). Let f = g + -15. What are the prime factors of f?
3
Let h = -16 - -1. Let v = h + 25. List the prime factors of v.
2, 5
Suppose -5*g - 2 = -12. Suppose 3*p - 7 = g*p. List the prime factors of p.
7
Let r be 2 + 4 + (1 - 1). List the prime factors of -6*4*(-2)/r.
2
What are the prime factors of -4*(5 - (-595)/(-10))?
2, 109
Let k be (-6)/(-27) - (-399)/27. Suppose x - 1 = k. What are the prime factors of x?
2
Suppose 5*s = -0*s - 4*u + 50, 5*u = 0. Let w = -5 + s. List the prime factors of w.
5
Suppose 0 = -10*w + 6*w + 364. What are the prime factors of w?
7, 13
What are the prime factors of 2/(-3)*((-16)/2 - -2)?
2
Suppose -1 = 2*w - 7. Suppose -w*y = -7*y + 12. Suppose y*k + 12 = 4*k. List the prime factors of k.
2, 3
Let o(h) = h**2 - 7*h + 9. Let v be o(6). Suppose 76 = v*c + 7. What are the prime factors of c?
23
What are the prime factors of (-400)/(-32) - 1/2?
2, 3
Suppose -4*f - f - 35 = 0. Let b(v) be the third derivative of v**5/60 + 5*v**4/24 - 2*v**3/3 + 3*v**2. What are the prime factors of b(f)?
2, 5
Suppose 3*z = -4*w + 140, 0*z = -5*z + 5*w + 175. What are the prime factors of z?
2, 5
Suppose -4*s - 3*j = -14, -3*s - j + 4 = -9. Suppose t = -3*r + 3*t - 2, -r + 5*t - s = 0. Suppose f = -r + 22. List the prime factors of f.
2, 11
Suppose -4*u = -4*r + 124, 2*r + 3*u = 4*u + 58. Suppose 2*i - r = -9. List the prime factors of i.
3
Suppose 5*f - 20 = f, -451 = -2*n - 3*f. List the prime factors of n.
2, 109
Let p be 0 - (0 + -6) - 1. Suppose -p*f = -6 + 26. What are the prime factors of (-45)/f + (-2)/8?
11
Let t be (-26 - 1) + (-12)/6. Let i = t - -41. What are the prime factors of i?
2, 3
Let m(h) = -h**2 + 9*h + 7. Let b(o) = o**3 - o**2 - 2*o - 4. Let d be b(3). What are the prime factors of m(d)?
3, 5
Let r(t) = -7*t + 4*t**2 + 2*t - 5*t**2. What are the prime factors of r(-4)?
2
Let j be ((-5)/(-2))/(1/2). Suppose -4*i + 100 = -4*b, j*i + 0*i = 2*b + 128. What are the prime factors of i?
2, 13
What are the prime factors of (-19 - -21)/(2/203)?
7, 29
List the prime factors of ((-10)/(-20))/(1 + (-147)/148).
2, 37
Suppose k - 7 = 1. Suppose 5*n - k = 3*n. Suppose -q + 5 = -n*m, 4*q + 3*m + m = 60. What are the prime factors of q?
13
Let w be (3/(-2))/(3/(-40)). Suppose -5*f + 11 + 7 = 2*s, -s + 3*f + w = 0. List the prime factors of s.
2, 7
Let g be (-2)/6 + 8/24. Suppose g*w + 2*w - 31 = -s, 0 = 4*w + 3*s - 65. What are the prime factors of w?
2, 7
Let p(b) = -60 + b + 120 - 63. Let c(l) = l**3 + 6*l**2 + 2*l - 7. Let z be c(-5). What are the prime factors of p(z)?
5
List the prime factors of 0 + -4 + 3 - -29.
2, 7
Suppose 3*b + 4*a + 0*a - 83 = 0, -46 = -2*b + 2*a. List the prime factors of b.
5
Suppose 0 = 2*g - 87 + 19. What are the prime factors of g?
2, 17
Suppose 4*i = 3*u + 29, u + 4*i = -2*u + 11. Let z(f) = 3*f + 0 + 4*f**2 + 0*f**3 + 2 + f**3. What are the prime factors of z(u)?
2
Let r = 10 - -11. Suppose 3*c - 60 + r = -3*i, -5*i - 19 = -2*c. What are the prime factors of c?
2, 3
Let h = 0 - -1. Let m(n) = 3*n. Let l be m(h). Suppose -18 = v - l*v. List the prime factors of v.
3
Suppose 2*g = 52 - 4. What are the prime factors of g?
2, 3
Suppose o = -o + 10. Let y(l) = -l**2 + 6*l - 3. Let t be y(o). Suppose 0 = t*j + 3*j - 30. List the prime factors of j.
2, 3
Let o = 65 - 25. What are the prime factors of o?
2, 5
Suppose l - 2*l - 72 = -y, -4*l + 248 = 4*y. Suppose -2*h = -4*t - h + y, 2*t = -4*h + 38. What are the prime factors of t?
17
Let h = 18 - 25. Let q = 15 + h. List the prime factors of q.
2
Let r(a) = a**3 - a**2 + a - 1. Let z(y) = -6*y**3 + 6*y**2 - 3*y + 7. Let v(k) = -5*r(k) - z(k). List the prime factors of v(3).
2, 5
What are the prime factors of (-12)/18 + 2/(-3)*-193?
2
Suppose 4*z - 225 = 135. What are the prime factors of z?
2, 3, 5
Let y(i) be the second derivative of i**5/20 - 5*i**4/12 - 2*i**3/3 - i**2 + 2*i. What are the prime factors of y(6)?
2, 5
Let r = 118 + -53. List the prime factors of r.
5, 13
Let t(a) = -a + 3 + 2*a**2 - 5 - a**2. Let p be t(3). Suppose 3*c = c + p. List the prime factors of c.
2
What are the prime factors of (68/(-8) + 7)*(-70)/3?
5, 7
Suppose 8*r - 2537 = -713. List the prime factors of r.
2, 3, 19
Let c(w) = w**3 - 6*w**2 - 4*w + 4. Let i be 1*(-6)/5*-5. Let s be c(i). Let j = -13 - s. List the prime factors of j.
7
Suppose 4710 = 18*o + 1290. What are the prime factors of o?
2, 5, 19
Suppose -5*t - 2*d = -365, 3*t - 96 = 2*t - 5*d. List the prime factors of t.
71
Suppose 3*k + 8 = -4. Let b(y) be the first derivative of y**3/3 + y - 11. List the prime factors of b(k).
17
Let y be -6*(-2 - 12/(-8)). Supp